{"id":11,"date":"2019-01-26T09:22:15","date_gmt":"2019-01-26T09:22:15","guid":{"rendered":"https:\/\/kulturland.ch\/wordpress\/?page_id=11"},"modified":"2025-10-14T10:09:20","modified_gmt":"2025-10-14T10:09:20","slug":"ueber-mich","status":"publish","type":"page","link":"https:\/\/kulturland.ch\/?page_id=11","title":{"rendered":"\u00dcber mich"},"content":{"rendered":"<div class=\"wp-block-image\">\n<figure class=\"aligncenter is-resized\"><img loading=\"lazy\" decoding=\"async\" width=\"1024\" height=\"683\" src=\"https:\/\/kulturland.ch\/wp-content\/uploads\/2019\/02\/portrait-Magdalena-1024x683.jpg\" alt=\"\" class=\"wp-image-131\" style=\"width:512px;height:342px\" srcset=\"https:\/\/kulturland.ch\/wp-content\/uploads\/2019\/02\/portrait-Magdalena-1024x683.jpg 1024w, https:\/\/kulturland.ch\/wp-content\/uploads\/2019\/02\/portrait-Magdalena-150x100.jpg 150w, https:\/\/kulturland.ch\/wp-content\/uploads\/2019\/02\/portrait-Magdalena-300x200.jpg 300w, https:\/\/kulturland.ch\/wp-content\/uploads\/2019\/02\/portrait-Magdalena-768x512.jpg 768w, https:\/\/kulturland.ch\/wp-content\/uploads\/2019\/02\/portrait-Magdalena.jpg 1766w\" sizes=\"auto, (max-width: 1024px) 100vw, 1024px\" \/><\/figure>\n<\/div>\n\n\n<p class=\"has-text-align-left\"><br>                                                                        <strong>Qualifikationen:<\/strong><br><strong>Musik<\/strong>:<br>Musikstudium Konservatorium Winterthur( heute Z\u00fcrcher Hochschule der K\u00fcnste)<br>Lehr-und Konzertdiplom bei Christoph Lieske, 1983 und 1985<br>Weitere Studien und Weiterbildungen in Liedbegleitung, Neue Musik, Improvisation u.a. bei Bernhard Wambach, Vinko Globiokar, Ulrich Rademacher <br>Studium Unintentional Music mit Lane Arye, PhD dipl PW: 1999 -2003<br><strong>Prozessarbeit<\/strong>:<br>Studium Prozessarbeit( Coaching, Facilitation) nach Arnold Mindell am International Deep Democracy Institute <br>2012 -2019<br>Dipl PW seit 2019<\/p>\n\n\n\n<p><strong>Intuitive Tier-und Naturkommunikation<\/strong>:<br>Masterprogramm  bei Marta Williams.(martawilliams.com) <br>2022 -2024<\/p>\n\n\n\n<p><strong>Landwirtschaft<\/strong>:<br>Learning by doing mit Lorenz Kunz Ing. Agro und Biobergbauer<br>Diverse K\u00e4sereikurse Inforama Hondrich<\/p>\n\n\n<div class=\"wp-block-image\">\n<figure class=\"aligncenter size-full is-resized\"><img decoding=\"async\" src=\"https:\/\/kulturland.ch\/wp-content\/uploads\/2024\/04\/The-dancer.heic\" alt=\"\" class=\"wp-image-1320\" style=\"width:341px;height:auto\"\/><\/figure>\n<\/div>\n\n\n<p><br><a href=\"https:\/\/kulturland.ch\/wp-content\/uploads\/2025\/10\/Curriculum-.pdf\" target=\"_blank\" rel=\"noreferrer noopener\"><strong>MEHR: MY BIO<\/strong><\/a><\/p>\n\n\n\n<p>Mein berufliches Leben begann als Pianistin und Klavierp\u00e4dagogin und erweiterte sich in all den Jahren stetig. Ich erlaubte mir, meine Identit\u00e4t immer wieder zu erweitern und kulturland in der heutigen Form ist eines der Resultate aus all den Erfahrungen.<br><\/p>\n\n\n\n<figure class=\"wp-block-embed is-type-video is-provider-youtube wp-block-embed-youtube wp-embed-aspect-16-9 wp-has-aspect-ratio\"><div class=\"wp-block-embed__wrapper\">\n<iframe loading=\"lazy\" title=\"Feuertor - Meditative Musik mit Schopfer-Glocken\" width=\"1140\" height=\"641\" src=\"https:\/\/www.youtube.com\/embed\/hicwMBPNaIs?feature=oembed\" frameborder=\"0\" allow=\"accelerometer; autoplay; clipboard-write; encrypted-media; gyroscope; picture-in-picture; web-share\" referrerpolicy=\"strict-origin-when-cross-origin\" allowfullscreen><\/iframe>\n<\/div><figcaption class=\"wp-element-caption\">Auf dem Hof entdeckte ich die Magie der Kuhglocken, mein musikalisches Bewusstsein ver\u00e4nderte sich radikal:<\/figcaption><\/figure>\n\n\n\n<p><strong> Pianistin,Klangsurferin, Klavier- und Musikp\u00e4dagogin.<\/strong><\/p>\n\n\n\n<p>Als Pianistin\/Musikerin bin ich eine Grenzg\u00e4ngerin. Neue Musik wie auch besondere Konzertformate, in denen ich den Tiefgang suche und\/oder dem Publikum Raum gebe f\u00fcr ihre inneren&nbsp; Erfahrungen sind mein Ding. Als Klavier- und Musikp\u00e4dagogin habe ich immer wieder neue Wege beschritten. Auf der Seite<a href=\"https:\/\/kraftortmusik.ch\" target=\"_blank\" rel=\"noreferrer noopener\"> KraftortMusik<\/a> erfahren Sie mehr dar\u00fcber.<\/p>\n\n\n<div class=\"wp-block-image is-resized\">\n<figure class=\"aligncenter\"><img loading=\"lazy\" decoding=\"async\" width=\"1024\" height=\"796\" src=\"https:\/\/kulturland.ch\/wp-content\/uploads\/2019\/02\/DSC_0794A-1024x796.jpg\" alt=\"\" class=\"wp-image-228\" style=\"width:476px;height:auto\" srcset=\"https:\/\/kulturland.ch\/wp-content\/uploads\/2019\/02\/DSC_0794A-1024x796.jpg 1024w, https:\/\/kulturland.ch\/wp-content\/uploads\/2019\/02\/DSC_0794A-150x117.jpg 150w, https:\/\/kulturland.ch\/wp-content\/uploads\/2019\/02\/DSC_0794A-300x233.jpg 300w, https:\/\/kulturland.ch\/wp-content\/uploads\/2019\/02\/DSC_0794A-768x597.jpg 768w\" sizes=\"auto, (max-width: 1024px) 100vw, 1024px\" \/><figcaption class=\"wp-element-caption\">K\u00e4sen ist wie Musikmachen:  H\u00f6ren, Sp\u00fcren, Tanzen<\/figcaption><\/figure>\n<\/div>\n\n\n<p><strong>B\u00e4uerin und Sennin<\/strong><\/p>\n\n\n\n<p>W\u00e4hrend \u00fcber 20 Jahren arbeitete ich nebst meinen musikalischen T\u00e4tigkeiten als B\u00e4uerin und Sennin hier auf dem Hof und auf der Alp zusammen mit meinem Partner, dem Biobergbauer und Politiker Lorenz Kunz. Wir gr\u00fcndetet <strong>kulturland<\/strong>, ein ganzheitliches Konzept inbezug auf Kultur. Diese Zeit transformierte mich. Sie ver\u00e4nderte meine T\u00e4tigkeit als Musikerin nachhaltig und ver\u00e4nderte mein Leben ganz grunds\u00e4tzlich. <\/p>\n\n\n<div class=\"wp-block-image is-resized\">\n<figure class=\"aligncenter\"><img loading=\"lazy\" decoding=\"async\" width=\"768\" height=\"1024\" src=\"https:\/\/kulturland.ch\/wp-content\/uploads\/2019\/02\/IMG_2555-1-768x1024.jpg\" alt=\"\" class=\"wp-image-229\" style=\"width:512px;height:auto\" srcset=\"https:\/\/kulturland.ch\/wp-content\/uploads\/2019\/02\/IMG_2555-1-768x1024.jpg 768w, https:\/\/kulturland.ch\/wp-content\/uploads\/2019\/02\/IMG_2555-1-113x150.jpg 113w, https:\/\/kulturland.ch\/wp-content\/uploads\/2019\/02\/IMG_2555-1-225x300.jpg 225w\" sizes=\"auto, (max-width: 768px) 100vw, 768px\" \/><figcaption class=\"wp-element-caption\">Dem Fluss folgen, mein Navigator als Coach und Facilitator<\/figcaption><\/figure>\n<\/div>\n\n\n<p><strong>Facilitator, Coach <\/strong><\/p>\n\n\n\n<p>Seit \u00fcber 30 Jahren begleitet mich die Prozessarbeit von Arnold Mindell in verschiedenen Formen. Zun\u00e4chst als Selbststudium, um meine Musik und den Unterricht zu beleben. Sp\u00e4ter folgte ein Studium in Unintentional Music bei Lane Arye. &nbsp;Nach vielen Jahren der Praxis mit dieser Arbeitsweise, studierte ich Prozessarbeit am Deep Democracy Institute. Ich arbeite  als Coach und Facilitator mit Einzelpersonen und Gruppen. Selbstverst\u00e4ndlich verbinde ich die Coachingt\u00e4tigkeit oft mit Kunst und Musik. Ich habe einen Diplomabschluss in Prozessarbeit<strong> <\/strong>und bin Mitglied von IAPOP ( International Association of Processoriented Psychology)<\/p>\n\n\n\n<p><\/p>\n\n\n\n<p><strong>Tier und Natur Kommunikatorin<\/strong><\/p>\n\n\n\n<p>Als Tier-und Natur Kommunikatorin bin ich auf einem Weg, mich mit allem Lebendigen zu verbinden. Die Tiere auf dem Hof waren immer meine Lehrer:innen und Begleiter:innen. Jetzt helfe ich andern Menschen, die Verbindung zur Tierwelt und zur Natur zu vertiefen. Mein Partner, der Biobergbauer war mein erster Lehrer in Tierkommunikation und bei <a href=\"http:\/\/www.martawilliams.com\" data-type=\"link\" data-id=\"www.martawilliams.com\" target=\"_blank\" rel=\"noreferrer noopener\">Marta Williams<\/a> habe ich ein diesen Weg vertieft.<\/p>\n\n\n\n<p><\/p>\n\n\n<div class=\"wp-block-image is-resized\">\n<figure class=\"aligncenter\"><img loading=\"lazy\" decoding=\"async\" width=\"1024\" height=\"661\" src=\"https:\/\/kulturland.ch\/wp-content\/uploads\/2019\/02\/Tosca-im-Schnee-1024x661.jpg\" alt=\"\" class=\"wp-image-231\" style=\"width:436px;height:auto\" srcset=\"https:\/\/kulturland.ch\/wp-content\/uploads\/2019\/02\/Tosca-im-Schnee-1024x661.jpg 1024w, https:\/\/kulturland.ch\/wp-content\/uploads\/2019\/02\/Tosca-im-Schnee-150x97.jpg 150w, https:\/\/kulturland.ch\/wp-content\/uploads\/2019\/02\/Tosca-im-Schnee-300x194.jpg 300w, https:\/\/kulturland.ch\/wp-content\/uploads\/2019\/02\/Tosca-im-Schnee-768x496.jpg 768w, https:\/\/kulturland.ch\/wp-content\/uploads\/2019\/02\/Tosca-im-Schnee.jpg 1920w\" sizes=\"auto, (max-width: 1024px) 100vw, 1024px\" \/><figcaption class=\"wp-element-caption\">Meine H\u00fcndin Tosca begleitet mich auf fast allen Wegen und wirkt im Coaching oft als T\u00fcr\u00f6ffnerin.<\/figcaption><\/figure>\n<\/div>\n\n\n<p>Prozessarbeit, Tier-und Naturkommunikation, Kunst und Musik sind nun die Schwerpunkte meiner Arbeit und finden auf dem Hof im Atelier oder draussen in der Natur statt. <br>In Bern arbeite ich regelm\u00e4ssig im Myke Keller 48, M\u00fcnstergasse 48. <br>International arbeite ich h\u00e4ufig \u00fcber Skype und Zoom, auch in Englisch und Franz\u00f6sisch. <\/p>\n\n\n\n<p><\/p>\n\n\n\n<p><\/p>\n\n\n\n<p>In meinem <a href=\"https:\/\/experimentalworld.blog\"><strong>Blog <\/strong><\/a>hast du die M\u00f6glichkeit zu experimentieren und deine Kreativit\u00e4t zu entdecken<\/p>\n","protected":false},"excerpt":{"rendered":"<p>Qualifikationen:Musik:Musikstudium Konservatorium Winterthur( heute Z\u00fcrcher Hochschule der K\u00fcnste)Lehr-und Konzertdiplom bei Christoph Lieske, 1983 und 1985Weitere Studien und Weiterbildungen in Liedbegleitung,&hellip;<\/p>\n","protected":false},"author":1,"featured_media":0,"parent":0,"menu_order":0,"comment_status":"closed","ping_status":"closed","template":"","meta":{"footnotes":""},"class_list":["post-11","page","type-page","status-publish","hentry"],"_links":{"self":[{"href":"https:\/\/kulturland.ch\/index.php?rest_route=\/wp\/v2\/pages\/11","targetHints":{"allow":["GET"]}}],"collection":[{"href":"https:\/\/kulturland.ch\/index.php?rest_route=\/wp\/v2\/pages"}],"about":[{"href":"https:\/\/kulturland.ch\/index.php?rest_route=\/wp\/v2\/types\/page"}],"author":[{"embeddable":true,"href":"https:\/\/kulturland.ch\/index.php?rest_route=\/wp\/v2\/users\/1"}],"replies":[{"embeddable":true,"href":"https:\/\/kulturland.ch\/index.php?rest_route=%2Fwp%2Fv2%2Fcomments&post=11"}],"version-history":[{"count":66,"href":"https:\/\/kulturland.ch\/index.php?rest_route=\/wp\/v2\/pages\/11\/revisions"}],"predecessor-version":[{"id":1816,"href":"https:\/\/kulturland.ch\/index.php?rest_route=\/wp\/v2\/pages\/11\/revisions\/1816"}],"wp:attachment":[{"href":"https:\/\/kulturland.ch\/index.php?rest_route=%2Fwp%2Fv2%2Fmedia&parent=11"}],"curies":[{"name":"wp","href":"https:\/\/api.w.org\/{rel}","templated":true}]}}

Über mich

<div class="wp-block-image">
<figure class="aligncenter is-resized"><img loading="lazy" decoding="async" width="1024" height="683" src="https://kulturland.ch/wp-content/uploads/2019/02/portrait-Magdalena-1024x683.jpg" alt="" class="wp-image-131" style="width:512px;height:342px" srcset="https://kulturland.ch/wp-content/uploads/2019/02/portrait-Magdalena-1024x683.jpg 1024w, https://kulturland.ch/wp-content/uploads/2019/02/portrait-Magdalena-150x100.jpg 150w, https://kulturland.ch/wp-content/uploads/2019/02/portrait-Magdalena-300x200.jpg 300w, https://kulturland.ch/wp-content/uploads/2019/02/portrait-Magdalena-768x512.jpg 768w, https://kulturland.ch/wp-content/uploads/2019/02/portrait-Magdalena.jpg 1766w" sizes="auto, (max-width: 1024px) 100vw, 1024px" /></figure>
</div>


<p class="has-text-align-left"><br>                                                                        <strong>Qualifikationen:</strong><br><strong>Musik</strong>:<br>Musikstudium Konservatorium Winterthur( heute Zürcher Hochschule der Künste)<br>Lehr-und Konzertdiplom bei Christoph Lieske, 1983 und 1985<br>Weitere Studien und Weiterbildungen in Liedbegleitung, Neue Musik, Improvisation u.a. bei Bernhard Wambach, Vinko Globiokar, Ulrich Rademacher <br>Studium Unintentional Music mit Lane Arye, PhD dipl PW: 1999 -2003<br><strong>Prozessarbeit</strong>:<br>Studium Prozessarbeit( Coaching, Facilitation) nach Arnold Mindell am International Deep Democracy Institute <br>2012 -2019<br>Dipl PW seit 2019</p>



<p><strong>Intuitive Tier-und Naturkommunikation</strong>:<br>Masterprogramm  bei Marta Williams.(martawilliams.com) <br>2022 -2024</p>



<p><strong>Landwirtschaft</strong>:<br>Learning by doing mit Lorenz Kunz Ing. Agro und Biobergbauer<br>Diverse Käsereikurse Inforama Hondrich</p>


<div class="wp-block-image">
<figure class="aligncenter size-full is-resized"><img decoding="async" src="https://kulturland.ch/wp-content/uploads/2024/04/The-dancer.heic" alt="" class="wp-image-1320" style="width:341px;height:auto"/></figure>
</div>


<p><br><a href="https://kulturland.ch/wp-content/uploads/2025/10/Curriculum-.pdf" target="_blank" rel="noreferrer noopener"><strong>MEHR: MY BIO</strong></a></p>



<p>Mein berufliches Leben begann als Pianistin und Klavierpädagogin und erweiterte sich in all den Jahren stetig. Ich erlaubte mir, meine Identität immer wieder zu erweitern und kulturland in der heutigen Form ist eines der Resultate aus all den Erfahrungen.<br></p>



<figure class="wp-block-embed is-type-video is-provider-youtube wp-block-embed-youtube wp-embed-aspect-16-9 wp-has-aspect-ratio"><div class="wp-block-embed__wrapper">
<iframe loading="lazy" title="Feuertor - Meditative Musik mit Schopfer-Glocken" width="1140" height="641" src="https://www.youtube.com/embed/hicwMBPNaIs?feature=oembed" frameborder="0" allow="accelerometer; autoplay; clipboard-write; encrypted-media; gyroscope; picture-in-picture; web-share" referrerpolicy="strict-origin-when-cross-origin" allowfullscreen></iframe>
</div><figcaption class="wp-element-caption">Auf dem Hof entdeckte ich die Magie der Kuhglocken, mein musikalisches Bewusstsein veränderte sich radikal:</figcaption></figure>



<p><strong> Pianistin,Klangsurferin, Klavier- und Musikpädagogin.</strong></p>



<p>Als Pianistin/Musikerin bin ich eine Grenzgängerin. Neue Musik wie auch besondere Konzertformate, in denen ich den Tiefgang suche und/oder dem Publikum Raum gebe für ihre inneren&nbsp; Erfahrungen sind mein Ding. Als Klavier- und Musikpädagogin habe ich immer wieder neue Wege beschritten. Auf der Seite<a href="https://kraftortmusik.ch" target="_blank" rel="noreferrer noopener"> KraftortMusik</a> erfahren Sie mehr darüber.</p>


<div class="wp-block-image is-resized">
<figure class="aligncenter"><img loading="lazy" decoding="async" width="1024" height="796" src="https://kulturland.ch/wp-content/uploads/2019/02/DSC_0794A-1024x796.jpg" alt="" class="wp-image-228" style="width:476px;height:auto" srcset="https://kulturland.ch/wp-content/uploads/2019/02/DSC_0794A-1024x796.jpg 1024w, https://kulturland.ch/wp-content/uploads/2019/02/DSC_0794A-150x117.jpg 150w, https://kulturland.ch/wp-content/uploads/2019/02/DSC_0794A-300x233.jpg 300w, https://kulturland.ch/wp-content/uploads/2019/02/DSC_0794A-768x597.jpg 768w" sizes="auto, (max-width: 1024px) 100vw, 1024px" /><figcaption class="wp-element-caption">Käsen ist wie Musikmachen:  Hören, Spüren, Tanzen</figcaption></figure>
</div>


<p><strong>Bäuerin und Sennin</strong></p>



<p>Während über 20 Jahren arbeitete ich nebst meinen musikalischen Tätigkeiten als Bäuerin und Sennin hier auf dem Hof und auf der Alp zusammen mit meinem Partner, dem Biobergbauer und Politiker Lorenz Kunz. Wir gründetet <strong>kulturland</strong>, ein ganzheitliches Konzept inbezug auf Kultur. Diese Zeit transformierte mich. Sie veränderte meine Tätigkeit als Musikerin nachhaltig und veränderte mein Leben ganz grundsätzlich. </p>


<div class="wp-block-image is-resized">
<figure class="aligncenter"><img loading="lazy" decoding="async" width="768" height="1024" src="https://kulturland.ch/wp-content/uploads/2019/02/IMG_2555-1-768x1024.jpg" alt="" class="wp-image-229" style="width:512px;height:auto" srcset="https://kulturland.ch/wp-content/uploads/2019/02/IMG_2555-1-768x1024.jpg 768w, https://kulturland.ch/wp-content/uploads/2019/02/IMG_2555-1-113x150.jpg 113w, https://kulturland.ch/wp-content/uploads/2019/02/IMG_2555-1-225x300.jpg 225w" sizes="auto, (max-width: 768px) 100vw, 768px" /><figcaption class="wp-element-caption">Dem Fluss folgen, mein Navigator als Coach und Facilitator</figcaption></figure>
</div>


<p><strong>Facilitator, Coach </strong></p>



<p>Seit über 30 Jahren begleitet mich die Prozessarbeit von Arnold Mindell in verschiedenen Formen. Zunächst als Selbststudium, um meine Musik und den Unterricht zu beleben. Später folgte ein Studium in Unintentional Music bei Lane Arye. &nbsp;Nach vielen Jahren der Praxis mit dieser Arbeitsweise, studierte ich Prozessarbeit am Deep Democracy Institute. Ich arbeite  als Coach und Facilitator mit Einzelpersonen und Gruppen. Selbstverständlich verbinde ich die Coachingtätigkeit oft mit Kunst und Musik. Ich habe einen Diplomabschluss in Prozessarbeit<strong> </strong>und bin Mitglied von IAPOP ( International Association of Processoriented Psychology)</p>



<p></p>



<p><strong>Tier und Natur Kommunikatorin</strong></p>



<p>Als Tier-und Natur Kommunikatorin bin ich auf einem Weg, mich mit allem Lebendigen zu verbinden. Die Tiere auf dem Hof waren immer meine Lehrer:innen und Begleiter:innen. Jetzt helfe ich andern Menschen, die Verbindung zur Tierwelt und zur Natur zu vertiefen. Mein Partner, der Biobergbauer war mein erster Lehrer in Tierkommunikation und bei <a href="http://www.martawilliams.com" data-type="link" data-id="www.martawilliams.com" target="_blank" rel="noreferrer noopener">Marta Williams</a> habe ich ein diesen Weg vertieft.</p>



<p></p>


<div class="wp-block-image is-resized">
<figure class="aligncenter"><img loading="lazy" decoding="async" width="1024" height="661" src="https://kulturland.ch/wp-content/uploads/2019/02/Tosca-im-Schnee-1024x661.jpg" alt="" class="wp-image-231" style="width:436px;height:auto" srcset="https://kulturland.ch/wp-content/uploads/2019/02/Tosca-im-Schnee-1024x661.jpg 1024w, https://kulturland.ch/wp-content/uploads/2019/02/Tosca-im-Schnee-150x97.jpg 150w, https://kulturland.ch/wp-content/uploads/2019/02/Tosca-im-Schnee-300x194.jpg 300w, https://kulturland.ch/wp-content/uploads/2019/02/Tosca-im-Schnee-768x496.jpg 768w, https://kulturland.ch/wp-content/uploads/2019/02/Tosca-im-Schnee.jpg 1920w" sizes="auto, (max-width: 1024px) 100vw, 1024px" /><figcaption class="wp-element-caption">Meine Hündin Tosca begleitet mich auf fast allen Wegen und wirkt im Coaching oft als Türöffnerin.</figcaption></figure>
</div>


<p>Prozessarbeit, Tier-und Naturkommunikation, Kunst und Musik sind nun die Schwerpunkte meiner Arbeit und finden auf dem Hof im Atelier oder draussen in der Natur statt. <br>In Bern arbeite ich regelmässig im Myke Keller 48, Münstergasse 48. <br>International arbeite ich häufig über Skype und Zoom, auch in Englisch und Französisch. </p>



<p></p>



<p></p>



<p>In meinem <a href="https://experimentalworld.blog"><strong>Blog </strong></a>hast du die Möglichkeit zu experimentieren und deine Kreativität zu entdecken</p>

<p>Qualifikationen:Musik:Musikstudium Konservatorium Winterthur( heute Zürcher Hochschule der Künste)Lehr-und Konzertdiplom bei Christoph Lieske, 1983 und 1985Weitere Studien und Weiterbildungen in Liedbegleitung,&hellip;</p>
