{"id":13,"date":"2019-01-26T09:22:15","date_gmt":"2019-01-26T09:22:15","guid":{"rendered":"https:\/\/kulturland.ch\/wordpress\/?page_id=13"},"modified":"2025-02-17T20:27:39","modified_gmt":"2025-02-17T20:27:39","slug":"retreat","status":"publish","type":"page","link":"https:\/\/kulturland.ch\/?page_id=13","title":{"rendered":"Retreat"},"content":{"rendered":"\n<figure class=\"wp-block-gallery has-nested-images columns-default is-cropped wp-block-gallery-1 is-layout-flex wp-block-gallery-is-layout-flex\">\n<figure class=\"wp-block-image\"><a href=\"https:\/\/kulturland.ch\/wp-content\/uploads\/2021\/11\/BildWSFreedom-1.jpg\"><img loading=\"lazy\" decoding=\"async\" width=\"600\" height=\"450\" data-id=\"1019\" src=\"https:\/\/kulturland.ch\/wp-content\/uploads\/2021\/11\/BildWSFreedom-1-600x450.jpg\" alt=\"\" class=\"wp-image-1019\" srcset=\"https:\/\/kulturland.ch\/wp-content\/uploads\/2021\/11\/BildWSFreedom-1-600x450.jpg 600w, https:\/\/kulturland.ch\/wp-content\/uploads\/2021\/11\/BildWSFreedom-1-150x113.jpg 150w, https:\/\/kulturland.ch\/wp-content\/uploads\/2021\/11\/BildWSFreedom-1-300x225.jpg 300w, https:\/\/kulturland.ch\/wp-content\/uploads\/2021\/11\/BildWSFreedom-1-768x576.jpg 768w, https:\/\/kulturland.ch\/wp-content\/uploads\/2021\/11\/BildWSFreedom-1-120x90.jpg 120w\" sizes=\"auto, (max-width: 600px) 100vw, 600px\" \/><\/a><\/figure>\n\n\n\n<figure class=\"wp-block-image\"><a href=\"https:\/\/kulturland.ch\/wp-content\/uploads\/2021\/11\/Niederhorn1.jpg\"><img loading=\"lazy\" decoding=\"async\" width=\"600\" height=\"450\" data-id=\"1023\" src=\"https:\/\/kulturland.ch\/wp-content\/uploads\/2021\/11\/Niederhorn1-600x450.jpg\" alt=\"\" class=\"wp-image-1023\" srcset=\"https:\/\/kulturland.ch\/wp-content\/uploads\/2021\/11\/Niederhorn1-600x450.jpg 600w, https:\/\/kulturland.ch\/wp-content\/uploads\/2021\/11\/Niederhorn1-150x113.jpg 150w, https:\/\/kulturland.ch\/wp-content\/uploads\/2021\/11\/Niederhorn1-300x225.jpg 300w, https:\/\/kulturland.ch\/wp-content\/uploads\/2021\/11\/Niederhorn1-768x576.jpg 768w, https:\/\/kulturland.ch\/wp-content\/uploads\/2021\/11\/Niederhorn1-120x90.jpg 120w\" sizes=\"auto, (max-width: 600px) 100vw, 600px\" \/><\/a><\/figure>\n\n\n\n<figure class=\"wp-block-image\"><a href=\"https:\/\/kulturland.ch\/wp-content\/uploads\/2021\/11\/IMG_4650-1.jpeg\"><img loading=\"lazy\" decoding=\"async\" width=\"600\" height=\"450\" data-id=\"1025\" src=\"https:\/\/kulturland.ch\/wp-content\/uploads\/2021\/11\/IMG_4650-1-600x450.jpeg\" alt=\"\" class=\"wp-image-1025\" srcset=\"https:\/\/kulturland.ch\/wp-content\/uploads\/2021\/11\/IMG_4650-1-600x450.jpeg 600w, https:\/\/kulturland.ch\/wp-content\/uploads\/2021\/11\/IMG_4650-1-150x113.jpeg 150w, https:\/\/kulturland.ch\/wp-content\/uploads\/2021\/11\/IMG_4650-1-300x225.jpeg 300w, https:\/\/kulturland.ch\/wp-content\/uploads\/2021\/11\/IMG_4650-1-768x576.jpeg 768w, https:\/\/kulturland.ch\/wp-content\/uploads\/2021\/11\/IMG_4650-1-120x90.jpeg 120w\" sizes=\"auto, (max-width: 600px) 100vw, 600px\" \/><\/a><\/figure>\n<\/figure>\n\n\n\n<p>kulturland ist ein Ort, der sich eignet f\u00fcr deinen Retreat. Das alte Simmentalerhaus mit der nat\u00fcrlichen Umgebung schenkt die Geborgenheit, die es m\u00f6glich macht, dich zu erneuern und gest\u00e4rkt zu werden. Du hast die M\u00f6glichkeit, deinen Aufenthalt mit einem oder mehreren Coachings zu verbinden. Vielleicht bist du gerade in einer Ver\u00e4nderungsphase und m\u00f6chtest dich losgel\u00f6st vom Alltag damit auseinandersetzen. Vielleicht fehlt dir im Alltag die Kreativit\u00e4t und du bist auf der Suche nach neuen M\u00f6glichkeiten des sch\u00f6pferischen Ausdrucks. Vielleicht m\u00f6chtest du dein Bewusstsein generell erweitern.<\/p>\n\n\n\n<p>Auf dem Hof wartet eine Ferienwohnung auf dich. Suchst du Ruhe, Neuorientierung, Kontakt mit der Natur, vertieften Zugang zu dir selbst oder auch ganz einfach Erholung vom Alltag, dann bist du hier richtig.<\/p>\n\n\n\n<p>Dieser Ort ist auch ein Ort des Genusses. Die Landschaft und stille Abende geniessen, ein Glas Wein auf der Laube, gutes biologisches Essen\u2026. Du w\u00e4hlst, was f\u00fcr dich stimmt. <strong><a href=\"https:\/\/www.airbnb.ch\/hosting\/listings\/editor\/43586566\/view-your-space\"> Buchung<\/a><\/strong><\/p>\n\n\n\n<p><\/p>\n\n\n\n<p><\/p>\n\n\n<div class=\"wp-block-image\">\n<figure class=\"aligncenter size-large\"><img loading=\"lazy\" decoding=\"async\" width=\"600\" height=\"450\" src=\"https:\/\/kulturland.ch\/wp-content\/uploads\/2025\/02\/Retreatkulturland-600x450.png\" alt=\"\" class=\"wp-image-1654\" srcset=\"https:\/\/kulturland.ch\/wp-content\/uploads\/2025\/02\/Retreatkulturland-600x450.png 600w, https:\/\/kulturland.ch\/wp-content\/uploads\/2025\/02\/Retreatkulturland-300x225.png 300w, https:\/\/kulturland.ch\/wp-content\/uploads\/2025\/02\/Retreatkulturland-150x113.png 150w, https:\/\/kulturland.ch\/wp-content\/uploads\/2025\/02\/Retreatkulturland-768x576.png 768w, https:\/\/kulturland.ch\/wp-content\/uploads\/2025\/02\/Retreatkulturland-1536x1152.png 1536w, https:\/\/kulturland.ch\/wp-content\/uploads\/2025\/02\/Retreatkulturland-2048x1536.png 2048w, https:\/\/kulturland.ch\/wp-content\/uploads\/2025\/02\/Retreatkulturland-120x90.png 120w\" sizes=\"auto, (max-width: 600px) 100vw, 600px\" \/><\/figure>\n<\/div>\n\n\n<p class=\"has-text-align-center\"><br>Musik, weil Musik unmittelbar auf deinen K\u00f6rper, deine Gef\u00fchle, deinen Atem und deinen feinstofflichen K\u00f6rper wirkt. Ich werde dich zu einem fein abgestimmten Klangbad einladen. Du kannst einfach zuh\u00f6ren und die Musik auf dich wirken lassen &#8211; und &#8211; je nach deinen Bed\u00fcrfnissen auch selber Kl\u00e4nge erzeugen.<br><br>Coaching f\u00fcr deinen Prozess erweitert dein Bewusstsein f\u00fcr dich selbst und deine Themen. Wir fangen da an wo du gerade bist und du erf\u00e4hrst, dass sich in Problemfeldern \u00fcberraschende Kr\u00e4fte zeigen.<br><br>Ein Gang in die kraftvolle Natur der Berglandschaftund die Arbeit mit ihren Kr\u00e4ften verbindet dich mit etwas, das \u00fcber dich hinausgeht und hilft dir, dich zu erden und dich als Teil des grossen Ganzen auf deine ureigene Art zu f\u00fchlen. <br><br>Ausruhen in der wohltuenden Wohnung eines alten Oberl\u00e4nder Holzhauses. Diese Wohnung h\u00fcllt dich ein und besch\u00fctzt dich in jeder deiner Phasen. Die Bilder der Wohnung siehst du, wenn du oben auf Buchung klickst.<br><br><strong>Dieses Package legt deine Kreativit\u00e4t und deine Verbindung zu dir selbst wieder frei. Es wird <br> wird sehr pers\u00f6nlich gestaltet, deshalb vereinbaren wir zu Beginn ein Zoom &#8211; oder Telefonmeeting.<\/strong><\/p>\n\n\n\n<p class=\"has-text-align-center\"><br><strong><a href=\"https:\/\/kulturland.ch\/?page_id=171\">Kontakt<\/a><\/strong><\/p>\n\n\n\n<p><\/p>\n","protected":false},"excerpt":{"rendered":"<p>kulturland ist ein Ort, der sich eignet f\u00fcr deinen Retreat. Das alte Simmentalerhaus mit der nat\u00fcrlichen Umgebung schenkt die Geborgenheit,&hellip;<\/p>\n","protected":false},"author":1,"featured_media":0,"parent":0,"menu_order":0,"comment_status":"closed","ping_status":"closed","template":"","meta":{"footnotes":""},"class_list":["post-13","page","type-page","status-publish","hentry"],"_links":{"self":[{"href":"https:\/\/kulturland.ch\/index.php?rest_route=\/wp\/v2\/pages\/13","targetHints":{"allow":["GET"]}}],"collection":[{"href":"https:\/\/kulturland.ch\/index.php?rest_route=\/wp\/v2\/pages"}],"about":[{"href":"https:\/\/kulturland.ch\/index.php?rest_route=\/wp\/v2\/types\/page"}],"author":[{"embeddable":true,"href":"https:\/\/kulturland.ch\/index.php?rest_route=\/wp\/v2\/users\/1"}],"replies":[{"embeddable":true,"href":"https:\/\/kulturland.ch\/index.php?rest_route=%2Fwp%2Fv2%2Fcomments&post=13"}],"version-history":[{"count":31,"href":"https:\/\/kulturland.ch\/index.php?rest_route=\/wp\/v2\/pages\/13\/revisions"}],"predecessor-version":[{"id":1670,"href":"https:\/\/kulturland.ch\/index.php?rest_route=\/wp\/v2\/pages\/13\/revisions\/1670"}],"wp:attachment":[{"href":"https:\/\/kulturland.ch\/index.php?rest_route=%2Fwp%2Fv2%2Fmedia&parent=13"}],"curies":[{"name":"wp","href":"https:\/\/api.w.org\/{rel}","templated":true}]}}

<figure class="wp-block-gallery has-nested-images columns-default is-cropped wp-block-gallery-1 is-layout-flex wp-block-gallery-is-layout-flex">
<figure class="wp-block-image"><a href="https://kulturland.ch/wp-content/uploads/2021/11/BildWSFreedom-1.jpg"><img loading="lazy" decoding="async" width="600" height="450" data-id="1019" src="https://kulturland.ch/wp-content/uploads/2021/11/BildWSFreedom-1-600x450.jpg" alt="" class="wp-image-1019" srcset="https://kulturland.ch/wp-content/uploads/2021/11/BildWSFreedom-1-600x450.jpg 600w, https://kulturland.ch/wp-content/uploads/2021/11/BildWSFreedom-1-150x113.jpg 150w, https://kulturland.ch/wp-content/uploads/2021/11/BildWSFreedom-1-300x225.jpg 300w, https://kulturland.ch/wp-content/uploads/2021/11/BildWSFreedom-1-768x576.jpg 768w, https://kulturland.ch/wp-content/uploads/2021/11/BildWSFreedom-1-120x90.jpg 120w" sizes="auto, (max-width: 600px) 100vw, 600px" /></a></figure>



<figure class="wp-block-image"><a href="https://kulturland.ch/wp-content/uploads/2021/11/Niederhorn1.jpg"><img loading="lazy" decoding="async" width="600" height="450" data-id="1023" src="https://kulturland.ch/wp-content/uploads/2021/11/Niederhorn1-600x450.jpg" alt="" class="wp-image-1023" srcset="https://kulturland.ch/wp-content/uploads/2021/11/Niederhorn1-600x450.jpg 600w, https://kulturland.ch/wp-content/uploads/2021/11/Niederhorn1-150x113.jpg 150w, https://kulturland.ch/wp-content/uploads/2021/11/Niederhorn1-300x225.jpg 300w, https://kulturland.ch/wp-content/uploads/2021/11/Niederhorn1-768x576.jpg 768w, https://kulturland.ch/wp-content/uploads/2021/11/Niederhorn1-120x90.jpg 120w" sizes="auto, (max-width: 600px) 100vw, 600px" /></a></figure>



<figure class="wp-block-image"><a href="https://kulturland.ch/wp-content/uploads/2021/11/IMG_4650-1.jpeg"><img loading="lazy" decoding="async" width="600" height="450" data-id="1025" src="https://kulturland.ch/wp-content/uploads/2021/11/IMG_4650-1-600x450.jpeg" alt="" class="wp-image-1025" srcset="https://kulturland.ch/wp-content/uploads/2021/11/IMG_4650-1-600x450.jpeg 600w, https://kulturland.ch/wp-content/uploads/2021/11/IMG_4650-1-150x113.jpeg 150w, https://kulturland.ch/wp-content/uploads/2021/11/IMG_4650-1-300x225.jpeg 300w, https://kulturland.ch/wp-content/uploads/2021/11/IMG_4650-1-768x576.jpeg 768w, https://kulturland.ch/wp-content/uploads/2021/11/IMG_4650-1-120x90.jpeg 120w" sizes="auto, (max-width: 600px) 100vw, 600px" /></a></figure>
</figure>



<p>kulturland ist ein Ort, der sich eignet für deinen Retreat. Das alte Simmentalerhaus mit der natürlichen Umgebung schenkt die Geborgenheit, die es möglich macht, dich zu erneuern und gestärkt zu werden. Du hast die Möglichkeit, deinen Aufenthalt mit einem oder mehreren Coachings zu verbinden. Vielleicht bist du gerade in einer Veränderungsphase und möchtest dich losgelöst vom Alltag damit auseinandersetzen. Vielleicht fehlt dir im Alltag die Kreativität und du bist auf der Suche nach neuen Möglichkeiten des schöpferischen Ausdrucks. Vielleicht möchtest du dein Bewusstsein generell erweitern.</p>



<p>Auf dem Hof wartet eine Ferienwohnung auf dich. Suchst du Ruhe, Neuorientierung, Kontakt mit der Natur, vertieften Zugang zu dir selbst oder auch ganz einfach Erholung vom Alltag, dann bist du hier richtig.</p>



<p>Dieser Ort ist auch ein Ort des Genusses. Die Landschaft und stille Abende geniessen, ein Glas Wein auf der Laube, gutes biologisches Essen…. Du wählst, was für dich stimmt. <strong><a href="https://www.airbnb.ch/hosting/listings/editor/43586566/view-your-space"> Buchung</a></strong></p>



<p></p>



<p></p>


<div class="wp-block-image">
<figure class="aligncenter size-large"><img loading="lazy" decoding="async" width="600" height="450" src="https://kulturland.ch/wp-content/uploads/2025/02/Retreatkulturland-600x450.png" alt="" class="wp-image-1654" srcset="https://kulturland.ch/wp-content/uploads/2025/02/Retreatkulturland-600x450.png 600w, https://kulturland.ch/wp-content/uploads/2025/02/Retreatkulturland-300x225.png 300w, https://kulturland.ch/wp-content/uploads/2025/02/Retreatkulturland-150x113.png 150w, https://kulturland.ch/wp-content/uploads/2025/02/Retreatkulturland-768x576.png 768w, https://kulturland.ch/wp-content/uploads/2025/02/Retreatkulturland-1536x1152.png 1536w, https://kulturland.ch/wp-content/uploads/2025/02/Retreatkulturland-2048x1536.png 2048w, https://kulturland.ch/wp-content/uploads/2025/02/Retreatkulturland-120x90.png 120w" sizes="auto, (max-width: 600px) 100vw, 600px" /></figure>
</div>


<p class="has-text-align-center"><br>Musik, weil Musik unmittelbar auf deinen Körper, deine Gefühle, deinen Atem und deinen feinstofflichen Körper wirkt. Ich werde dich zu einem fein abgestimmten Klangbad einladen. Du kannst einfach zuhören und die Musik auf dich wirken lassen &#8211; und &#8211; je nach deinen Bedürfnissen auch selber Klänge erzeugen.<br><br>Coaching für deinen Prozess erweitert dein Bewusstsein für dich selbst und deine Themen. Wir fangen da an wo du gerade bist und du erfährst, dass sich in Problemfeldern überraschende Kräfte zeigen.<br><br>Ein Gang in die kraftvolle Natur der Berglandschaftund die Arbeit mit ihren Kräften verbindet dich mit etwas, das über dich hinausgeht und hilft dir, dich zu erden und dich als Teil des grossen Ganzen auf deine ureigene Art zu fühlen. <br><br>Ausruhen in der wohltuenden Wohnung eines alten Oberländer Holzhauses. Diese Wohnung hüllt dich ein und beschützt dich in jeder deiner Phasen. Die Bilder der Wohnung siehst du, wenn du oben auf Buchung klickst.<br><br><strong>Dieses Package legt deine Kreativität und deine Verbindung zu dir selbst wieder frei. Es wird <br> wird sehr persönlich gestaltet, deshalb vereinbaren wir zu Beginn ein Zoom &#8211; oder Telefonmeeting.</strong></p>



<p class="has-text-align-center"><br><strong><a href="https://kulturland.ch/?page_id=171">Kontakt</a></strong></p>



<p></p>

<p>kulturland ist ein Ort, der sich eignet für deinen Retreat. Das alte Simmentalerhaus mit der natürlichen Umgebung schenkt die Geborgenheit,&hellip;</p>
