{"id":49,"date":"2019-01-26T10:23:24","date_gmt":"2019-01-26T10:23:24","guid":{"rendered":"https:\/\/kulturland.ch\/wordpress\/?page_id=49"},"modified":"2024-08-17T09:18:14","modified_gmt":"2024-08-17T09:18:14","slug":"links","status":"publish","type":"page","link":"https:\/\/kulturland.ch\/?page_id=49","title":{"rendered":"Links"},"content":{"rendered":"\n<p>Esther Bruni\u00a0<a href=\"https:\/\/klangweltraum.ch\/\">\u00a0<\/a><br><a aria-label=\"Esther Bruni Visuelle Gestaltung (\u00f6ffnet in neuem Tab)\" href=\"https:\/\/esther-bruni.ch\/\" target=\"_blank\" rel=\"noreferrer noopener\">Esther Bruni Visuelle Gestaltung<\/a><br>Esther Bruni ist eine \u00e4usserst vielseitige und kreative Gestalterin<br><a aria-label=\" (\u00f6ffnet in neuem Tab)\" href=\"https:\/\/www.bruni.ch\" target=\"_blank\" rel=\"noreferrer noopener\">Bruni K\u00e4se<\/a><br>Christoph Bruni ist ein K\u00e4se Affineur, der vor allem mit Rohmilchk\u00e4se arbeitet. Man nennt ihn auch den K\u00e4sefl\u00fcsterer<br><a aria-label=\"Biohof Sch\u00fcpfenried (\u00f6ffnet in neuem Tab)\" href=\"https:\/\/www.schuepfenried.ch\/hof\/front_content.php\" target=\"_blank\" rel=\"noreferrer noopener\">Biohof Sch\u00fcpfenried<\/a><br>DER BIOHOF im Raum Bern. Schauen Sie rein, Sie finden dort viele Angebote.<br><a aria-label=\" (\u00f6ffnet in neuem Tab)\" href=\"http:\/\/www.deepdemocracyinstitute.org\" target=\"_blank\" rel=\"noreferrer noopener\">Deep Democracy Institute<\/a><br>Mein bevorzugtes Institut f\u00fcr Deep Democracy. Dieses Institut ist \u00fcberall auf der Welt zu Hause.<br>R<a aria-label=\" (\u00f6ffnet in neuem Tab)\" href=\"https:\/\/www.xn--ruth-hnni-02a.ch\/\" target=\"_blank\" rel=\"noreferrer noopener\">uth H\u00e4nni<\/a><br>K\u00fcnstlerin, Architektin. Sie kreiert Bilder, R\u00e4ume, H\u00e4user<br><a href=\"https:\/\/www.motussanahundetherapie.ch\" target=\"_blank\" rel=\"noreferrer noopener\">Motus Sana<\/a><br> Sybille Zeller- Schwab,Physiotherapie f\u00fcr Hund<br><a href=\"http:\/\/www.martawilliams\" data-type=\"link\" data-id=\"www.martawilliams\">Marta Williams<\/a><br>Marta Williams, Tier-und Naturkommunikation<\/p>\n\n\n\n<p><br><\/p>\n","protected":false},"excerpt":{"rendered":"<p>Esther Bruni\u00a0\u00a0Esther Bruni Visuelle GestaltungEsther Bruni ist eine \u00e4usserst vielseitige und kreative GestalterinBruni K\u00e4seChristoph Bruni ist ein K\u00e4se Affineur, der&hellip;<\/p>\n","protected":false},"author":1,"featured_media":0,"parent":11,"menu_order":1,"comment_status":"closed","ping_status":"closed","template":"","meta":{"footnotes":""},"class_list":["post-49","page","type-page","status-publish","hentry"],"_links":{"self":[{"href":"https:\/\/kulturland.ch\/index.php?rest_route=\/wp\/v2\/pages\/49","targetHints":{"allow":["GET"]}}],"collection":[{"href":"https:\/\/kulturland.ch\/index.php?rest_route=\/wp\/v2\/pages"}],"about":[{"href":"https:\/\/kulturland.ch\/index.php?rest_route=\/wp\/v2\/types\/page"}],"author":[{"embeddable":true,"href":"https:\/\/kulturland.ch\/index.php?rest_route=\/wp\/v2\/users\/1"}],"replies":[{"embeddable":true,"href":"https:\/\/kulturland.ch\/index.php?rest_route=%2Fwp%2Fv2%2Fcomments&post=49"}],"version-history":[{"count":25,"href":"https:\/\/kulturland.ch\/index.php?rest_route=\/wp\/v2\/pages\/49\/revisions"}],"predecessor-version":[{"id":1556,"href":"https:\/\/kulturland.ch\/index.php?rest_route=\/wp\/v2\/pages\/49\/revisions\/1556"}],"up":[{"embeddable":true,"href":"https:\/\/kulturland.ch\/index.php?rest_route=\/wp\/v2\/pages\/11"}],"wp:attachment":[{"href":"https:\/\/kulturland.ch\/index.php?rest_route=%2Fwp%2Fv2%2Fmedia&parent=49"}],"curies":[{"name":"wp","href":"https:\/\/api.w.org\/{rel}","templated":true}]}}

<p>Esther Bruni <a href="https://klangweltraum.ch/"> </a><br><a aria-label="Esther Bruni Visuelle Gestaltung (öffnet in neuem Tab)" href="https://esther-bruni.ch/" target="_blank" rel="noreferrer noopener">Esther Bruni Visuelle Gestaltung</a><br>Esther Bruni ist eine äusserst vielseitige und kreative Gestalterin<br><a aria-label=" (öffnet in neuem Tab)" href="https://www.bruni.ch" target="_blank" rel="noreferrer noopener">Bruni Käse</a><br>Christoph Bruni ist ein Käse Affineur, der vor allem mit Rohmilchkäse arbeitet. Man nennt ihn auch den Käseflüsterer<br><a aria-label="Biohof Schüpfenried (öffnet in neuem Tab)" href="https://www.schuepfenried.ch/hof/front_content.php" target="_blank" rel="noreferrer noopener">Biohof Schüpfenried</a><br>DER BIOHOF im Raum Bern. Schauen Sie rein, Sie finden dort viele Angebote.<br><a aria-label=" (öffnet in neuem Tab)" href="http://www.deepdemocracyinstitute.org" target="_blank" rel="noreferrer noopener">Deep Democracy Institute</a><br>Mein bevorzugtes Institut für Deep Democracy. Dieses Institut ist überall auf der Welt zu Hause.<br>R<a aria-label=" (öffnet in neuem Tab)" href="https://www.xn--ruth-hnni-02a.ch/" target="_blank" rel="noreferrer noopener">uth Hänni</a><br>Künstlerin, Architektin. Sie kreiert Bilder, Räume, Häuser<br><a href="https://www.motussanahundetherapie.ch" target="_blank" rel="noreferrer noopener">Motus Sana</a><br> Sybille Zeller- Schwab,Physiotherapie für Hund<br><a href="http://www.martawilliams" data-type="link" data-id="www.martawilliams">Marta Williams</a><br>Marta Williams, Tier-und Naturkommunikation</p>



<p><br></p>

<p>Esther Bruni  Esther Bruni Visuelle GestaltungEsther Bruni ist eine äusserst vielseitige und kreative GestalterinBruni KäseChristoph Bruni ist ein Käse Affineur, der&hellip;</p>
